{"id":2479,"date":"2023-12-20T11:20:46","date_gmt":"2023-12-20T11:20:46","guid":{"rendered":"https:\/\/motoshopextreme.ba\/?post_type=product&#038;p=2479"},"modified":"2023-12-20T11:23:03","modified_gmt":"2023-12-20T11:23:03","slug":"motul-chainlube-road-c2-sprej-za-lance","status":"publish","type":"product","link":"https:\/\/motoshopextreme.ba\/?product=motul-chainlube-road-c2-sprej-za-lance","title":{"rendered":"MOTUL CHAINLUBE ROAD C2+ &#8211; Sprej za lance"},"content":{"rendered":"","protected":false},"excerpt":{"rendered":"<p>\ud83d\udd17 MOTUL CHAINLUBE ROAD C2+ &#8211; Produ\u017eenje \u017eivotnog vijeka va\u0161eg lanca! \ud83c\udfcd\ufe0f Ovaj sprej pru\u017ea iznimnu za\u0161titu va\u0161eg lanca na cesti, smanjuje trenje i produljuje vijek trajanja va\u0161e motociklisti\u010dke opreme. Pru\u017ea dugotrajnu za\u0161titu od korozije i odr\u017eava va\u0161 lanac u vrhunskom stanju. #MotulChainlube #Lanac #Motocikl&#8221;<\/p>\n","protected":false},"featured_media":2478,"template":"","meta":[],"product_brand":[],"product_cat":[151],"product_tag":[],"class_list":{"0":"post-2479","1":"product","2":"type-product","3":"status-publish","4":"has-post-thumbnail","6":"product_cat-ulja-i-maziva","8":"first","9":"instock","10":"sale","11":"taxable","12":"shipping-taxable","13":"purchasable","14":"product-type-simple"},"_links":{"self":[{"href":"https:\/\/motoshopextreme.ba\/index.php?rest_route=\/wp\/v2\/product\/2479","targetHints":{"allow":["GET"]}}],"collection":[{"href":"https:\/\/motoshopextreme.ba\/index.php?rest_route=\/wp\/v2\/product"}],"about":[{"href":"https:\/\/motoshopextreme.ba\/index.php?rest_route=\/wp\/v2\/types\/product"}],"wp:featuredmedia":[{"embeddable":true,"href":"https:\/\/motoshopextreme.ba\/index.php?rest_route=\/wp\/v2\/media\/2478"}],"wp:attachment":[{"href":"https:\/\/motoshopextreme.ba\/index.php?rest_route=%2Fwp%2Fv2%2Fmedia&parent=2479"}],"wp:term":[{"taxonomy":"product_brand","embeddable":true,"href":"https:\/\/motoshopextreme.ba\/index.php?rest_route=%2Fwp%2Fv2%2Fproduct_brand&post=2479"},{"taxonomy":"product_cat","embeddable":true,"href":"https:\/\/motoshopextreme.ba\/index.php?rest_route=%2Fwp%2Fv2%2Fproduct_cat&post=2479"},{"taxonomy":"product_tag","embeddable":true,"href":"https:\/\/motoshopextreme.ba\/index.php?rest_route=%2Fwp%2Fv2%2Fproduct_tag&post=2479"}],"curies":[{"name":"wp","href":"https:\/\/api.w.org\/{rel}","templated":true}]}}