{"id":2561,"date":"2023-12-20T15:57:44","date_gmt":"2023-12-20T15:57:44","guid":{"rendered":"https:\/\/motoshopextreme.ba\/?post_type=product&#038;p=2561"},"modified":"2023-12-20T16:02:23","modified_gmt":"2023-12-20T16:02:23","slug":"oxford-cetka-za-ciscenje-lanca","status":"publish","type":"product","link":"https:\/\/motoshopextreme.ba\/?product=oxford-cetka-za-ciscenje-lanca","title":{"rendered":"OXFORD \u010cetka za \u010di\u0161\u0107enje lanca"},"content":{"rendered":"","protected":false},"excerpt":{"rendered":"<p>Oxford \u010detka za \u010di\u0161\u0107enje lanca je idealan alat za odr\u017eavanje va\u0161eg motocikla. Njena \u010dvrsta i izdr\u017eljiva konstrukcija omogu\u0107ava temeljito \u010di\u0161\u0107enje lanca, uklanjaju\u0107i prljav\u0161tinu i ostale ne\u010disto\u0107e koje se nakupljaju tijekom vo\u017enje. S lako\u0107om odr\u017eavajte lanac va\u0161eg motocikla i produ\u017eite njegov vijek trajanja uz pomo\u0107 ove prakti\u010dne \u010detke.<\/p>\n","protected":false},"featured_media":2562,"template":"","meta":[],"product_brand":[],"product_cat":[184],"product_tag":[],"class_list":{"0":"post-2561","1":"product","2":"type-product","3":"status-publish","4":"has-post-thumbnail","6":"product_cat-dodatci-za-motocikle","8":"first","9":"instock","10":"taxable","11":"shipping-taxable","12":"purchasable","13":"product-type-simple"},"_links":{"self":[{"href":"https:\/\/motoshopextreme.ba\/index.php?rest_route=\/wp\/v2\/product\/2561","targetHints":{"allow":["GET"]}}],"collection":[{"href":"https:\/\/motoshopextreme.ba\/index.php?rest_route=\/wp\/v2\/product"}],"about":[{"href":"https:\/\/motoshopextreme.ba\/index.php?rest_route=\/wp\/v2\/types\/product"}],"wp:featuredmedia":[{"embeddable":true,"href":"https:\/\/motoshopextreme.ba\/index.php?rest_route=\/wp\/v2\/media\/2562"}],"wp:attachment":[{"href":"https:\/\/motoshopextreme.ba\/index.php?rest_route=%2Fwp%2Fv2%2Fmedia&parent=2561"}],"wp:term":[{"taxonomy":"product_brand","embeddable":true,"href":"https:\/\/motoshopextreme.ba\/index.php?rest_route=%2Fwp%2Fv2%2Fproduct_brand&post=2561"},{"taxonomy":"product_cat","embeddable":true,"href":"https:\/\/motoshopextreme.ba\/index.php?rest_route=%2Fwp%2Fv2%2Fproduct_cat&post=2561"},{"taxonomy":"product_tag","embeddable":true,"href":"https:\/\/motoshopextreme.ba\/index.php?rest_route=%2Fwp%2Fv2%2Fproduct_tag&post=2561"}],"curies":[{"name":"wp","href":"https:\/\/api.w.org\/{rel}","templated":true}]}}