{"id":2586,"date":"2023-12-23T12:54:33","date_gmt":"2023-12-23T12:54:33","guid":{"rendered":"https:\/\/motoshopextreme.ba\/?post_type=product&#038;p=2586"},"modified":"2023-12-23T12:54:33","modified_gmt":"2023-12-23T12:54:33","slug":"oxford-oximiser-900-punjac-za-akumulator","status":"publish","type":"product","link":"https:\/\/motoshopextreme.ba\/?product=oxford-oximiser-900-punjac-za-akumulator","title":{"rendered":"OXFORD OXIMISER 900 Punja\u010d za Akumulator"},"content":{"rendered":"","protected":false},"excerpt":{"rendered":"<div class=\"\" data-block=\"true\" data-editor=\"f5p2\" data-offset-key=\"bvh88-0-0\">\n<div class=\"_1mf _1mj\" data-offset-key=\"bvh88-0-0\"><span data-offset-key=\"bvh88-0-0\">OXFORD Oximiser 900, odli\u010dan punja\u010d za odr\u017eavanje akumulatora! \ud83d\udc4d Punjenje, odr\u017eavanje, i sve to uz super cijenu! O\u010duvajte svoj akumulator tokom zime! \u26a1\ud83d\udd0b<\/span><\/div>\n<\/div>\n<div class=\"\" data-block=\"true\" data-editor=\"f5p2\" data-offset-key=\"eron4-0-0\"><\/div>\n","protected":false},"featured_media":2587,"template":"","meta":[],"product_brand":[],"product_cat":[184],"product_tag":[],"class_list":{"0":"post-2586","1":"product","2":"type-product","3":"status-publish","4":"has-post-thumbnail","6":"product_cat-dodatci-za-motocikle","8":"first","9":"instock","10":"sale","11":"taxable","12":"shipping-taxable","13":"purchasable","14":"product-type-simple"},"_links":{"self":[{"href":"https:\/\/motoshopextreme.ba\/index.php?rest_route=\/wp\/v2\/product\/2586","targetHints":{"allow":["GET"]}}],"collection":[{"href":"https:\/\/motoshopextreme.ba\/index.php?rest_route=\/wp\/v2\/product"}],"about":[{"href":"https:\/\/motoshopextreme.ba\/index.php?rest_route=\/wp\/v2\/types\/product"}],"wp:featuredmedia":[{"embeddable":true,"href":"https:\/\/motoshopextreme.ba\/index.php?rest_route=\/wp\/v2\/media\/2587"}],"wp:attachment":[{"href":"https:\/\/motoshopextreme.ba\/index.php?rest_route=%2Fwp%2Fv2%2Fmedia&parent=2586"}],"wp:term":[{"taxonomy":"product_brand","embeddable":true,"href":"https:\/\/motoshopextreme.ba\/index.php?rest_route=%2Fwp%2Fv2%2Fproduct_brand&post=2586"},{"taxonomy":"product_cat","embeddable":true,"href":"https:\/\/motoshopextreme.ba\/index.php?rest_route=%2Fwp%2Fv2%2Fproduct_cat&post=2586"},{"taxonomy":"product_tag","embeddable":true,"href":"https:\/\/motoshopextreme.ba\/index.php?rest_route=%2Fwp%2Fv2%2Fproduct_tag&post=2586"}],"curies":[{"name":"wp","href":"https:\/\/api.w.org\/{rel}","templated":true}]}}