{"id":2617,"date":"2023-12-23T14:22:02","date_gmt":"2023-12-23T14:22:02","guid":{"rendered":"https:\/\/motoshopextreme.ba\/?post_type=product&#038;p=2617"},"modified":"2023-12-23T17:36:49","modified_gmt":"2023-12-23T17:36:49","slug":"adrenaline-meshtec-2-0-hlace","status":"publish","type":"product","link":"https:\/\/motoshopextreme.ba\/?product=adrenaline-meshtec-2-0-hlace","title":{"rendered":"ADRENALINE MESHTEC 2.0 HLA\u010cE"},"content":{"rendered":"","protected":false},"excerpt":{"rendered":"<p>Nove Adrenaline Meshtec 2.0 touring hla\u010de su udobne, prozra\u010dne i stvorene za va\u0161u vo\u017enju. Savr\u0161ene za avanture i duge putovanja. Prona\u0111ite svoju udobnost s Adrenaline Meshtec 2.0!<\/p>\n","protected":false},"featured_media":2621,"template":"","meta":[],"product_brand":[],"product_cat":[158,124],"product_tag":[],"class_list":{"0":"post-2617","1":"product","2":"type-product","3":"status-publish","4":"has-post-thumbnail","6":"product_cat-cestovna","7":"product_cat-odjeca","9":"first","10":"instock","11":"taxable","12":"shipping-taxable","13":"purchasable","14":"product-type-variable"},"_links":{"self":[{"href":"https:\/\/motoshopextreme.ba\/index.php?rest_route=\/wp\/v2\/product\/2617","targetHints":{"allow":["GET"]}}],"collection":[{"href":"https:\/\/motoshopextreme.ba\/index.php?rest_route=\/wp\/v2\/product"}],"about":[{"href":"https:\/\/motoshopextreme.ba\/index.php?rest_route=\/wp\/v2\/types\/product"}],"wp:featuredmedia":[{"embeddable":true,"href":"https:\/\/motoshopextreme.ba\/index.php?rest_route=\/wp\/v2\/media\/2621"}],"wp:attachment":[{"href":"https:\/\/motoshopextreme.ba\/index.php?rest_route=%2Fwp%2Fv2%2Fmedia&parent=2617"}],"wp:term":[{"taxonomy":"product_brand","embeddable":true,"href":"https:\/\/motoshopextreme.ba\/index.php?rest_route=%2Fwp%2Fv2%2Fproduct_brand&post=2617"},{"taxonomy":"product_cat","embeddable":true,"href":"https:\/\/motoshopextreme.ba\/index.php?rest_route=%2Fwp%2Fv2%2Fproduct_cat&post=2617"},{"taxonomy":"product_tag","embeddable":true,"href":"https:\/\/motoshopextreme.ba\/index.php?rest_route=%2Fwp%2Fv2%2Fproduct_tag&post=2617"}],"curies":[{"name":"wp","href":"https:\/\/api.w.org\/{rel}","templated":true}]}}