{"id":2662,"date":"2023-11-23T17:20:03","date_gmt":"2023-11-23T17:20:03","guid":{"rendered":"https:\/\/motoshopextreme.ba\/?post_type=product&#038;p=2662"},"modified":"2023-12-23T17:35:40","modified_gmt":"2023-12-23T17:35:40","slug":"polisport-swingarm-protection-ktm-husqvarna","status":"publish","type":"product","link":"https:\/\/motoshopextreme.ba\/?product=polisport-swingarm-protection-ktm-husqvarna","title":{"rendered":"POLISPORT Swingarm Protection &#8211; KTM HUSQVARNA"},"content":{"rendered":"","protected":false},"excerpt":{"rendered":"<p>POLISPORT za\u0161tita za vilju\u0161ke &#8211; idealna za KTM\/Husqvarna modele! \ud83d\udee1\ufe0f\u2728 Izra\u0111ena od otpornog polimera koji se koristi i u MXGP-u, ova za\u0161tita pru\u017ea vrhunsku za\u0161titu i dugotrajnost.<\/p>\n","protected":false},"featured_media":2663,"template":"","meta":[],"product_brand":[],"product_cat":[176,201,152],"product_tag":[],"class_list":{"0":"post-2662","1":"product","2":"type-product","3":"status-publish","4":"has-post-thumbnail","6":"product_cat-dodatci","7":"product_cat-dodatci-husqvarna","8":"product_cat-zastite-za-motocikle","10":"first","11":"instock","12":"taxable","13":"shipping-taxable","14":"purchasable","15":"product-type-simple"},"_links":{"self":[{"href":"https:\/\/motoshopextreme.ba\/index.php?rest_route=\/wp\/v2\/product\/2662","targetHints":{"allow":["GET"]}}],"collection":[{"href":"https:\/\/motoshopextreme.ba\/index.php?rest_route=\/wp\/v2\/product"}],"about":[{"href":"https:\/\/motoshopextreme.ba\/index.php?rest_route=\/wp\/v2\/types\/product"}],"wp:featuredmedia":[{"embeddable":true,"href":"https:\/\/motoshopextreme.ba\/index.php?rest_route=\/wp\/v2\/media\/2663"}],"wp:attachment":[{"href":"https:\/\/motoshopextreme.ba\/index.php?rest_route=%2Fwp%2Fv2%2Fmedia&parent=2662"}],"wp:term":[{"taxonomy":"product_brand","embeddable":true,"href":"https:\/\/motoshopextreme.ba\/index.php?rest_route=%2Fwp%2Fv2%2Fproduct_brand&post=2662"},{"taxonomy":"product_cat","embeddable":true,"href":"https:\/\/motoshopextreme.ba\/index.php?rest_route=%2Fwp%2Fv2%2Fproduct_cat&post=2662"},{"taxonomy":"product_tag","embeddable":true,"href":"https:\/\/motoshopextreme.ba\/index.php?rest_route=%2Fwp%2Fv2%2Fproduct_tag&post=2662"}],"curies":[{"name":"wp","href":"https:\/\/api.w.org\/{rel}","templated":true}]}}