{"id":2769,"date":"2024-01-17T14:33:38","date_gmt":"2024-01-17T14:33:38","guid":{"rendered":"https:\/\/motoshopextreme.ba\/?post_type=product&#038;p=2769"},"modified":"2024-02-02T15:47:11","modified_gmt":"2024-02-02T15:47:11","slug":"aworkx-federi-za-auspuh","status":"publish","type":"product","link":"https:\/\/motoshopextreme.ba\/?product=aworkx-federi-za-auspuh","title":{"rendered":"AWORKX Federi za Auspuh"},"content":{"rendered":"","protected":false},"excerpt":{"rendered":"<p>\ud83d\udca8 AWORKX set izduvnih opruga je upravo ono \u0161to va\u0161 motocikl treba! Napravljene od nehr\u0111aju\u0107eg \u010delika.<\/p>\n","protected":false},"featured_media":2770,"template":"","meta":[],"product_brand":[],"product_cat":[126,198,194,195,178,196,192,197,193],"product_tag":[],"class_list":{"0":"post-2769","1":"product","2":"type-product","3":"status-publish","4":"has-post-thumbnail","6":"product_cat-motocikle","7":"product_cat-sasija-suzuki","8":"product_cat-sasija-honda","9":"product_cat-sasija-yamaha","10":"product_cat-sasija","11":"product_cat-sasija-kawasaki","12":"product_cat-sasija-husqvarna","13":"product_cat-sasija-sherco","14":"product_cat-sasija-beta","16":"first","17":"instock","18":"taxable","19":"shipping-taxable","20":"purchasable","21":"product-type-simple"},"_links":{"self":[{"href":"https:\/\/motoshopextreme.ba\/index.php?rest_route=\/wp\/v2\/product\/2769","targetHints":{"allow":["GET"]}}],"collection":[{"href":"https:\/\/motoshopextreme.ba\/index.php?rest_route=\/wp\/v2\/product"}],"about":[{"href":"https:\/\/motoshopextreme.ba\/index.php?rest_route=\/wp\/v2\/types\/product"}],"wp:featuredmedia":[{"embeddable":true,"href":"https:\/\/motoshopextreme.ba\/index.php?rest_route=\/wp\/v2\/media\/2770"}],"wp:attachment":[{"href":"https:\/\/motoshopextreme.ba\/index.php?rest_route=%2Fwp%2Fv2%2Fmedia&parent=2769"}],"wp:term":[{"taxonomy":"product_brand","embeddable":true,"href":"https:\/\/motoshopextreme.ba\/index.php?rest_route=%2Fwp%2Fv2%2Fproduct_brand&post=2769"},{"taxonomy":"product_cat","embeddable":true,"href":"https:\/\/motoshopextreme.ba\/index.php?rest_route=%2Fwp%2Fv2%2Fproduct_cat&post=2769"},{"taxonomy":"product_tag","embeddable":true,"href":"https:\/\/motoshopextreme.ba\/index.php?rest_route=%2Fwp%2Fv2%2Fproduct_tag&post=2769"}],"curies":[{"name":"wp","href":"https:\/\/api.w.org\/{rel}","templated":true}]}}