{"id":2783,"date":"2024-01-17T15:11:21","date_gmt":"2024-01-17T15:11:21","guid":{"rendered":"https:\/\/motoshopextreme.ba\/?post_type=product&#038;p=2783"},"modified":"2024-02-02T15:46:55","modified_gmt":"2024-02-02T15:46:55","slug":"x-grip-tbi-protektor-za-tps-senzor","status":"publish","type":"product","link":"https:\/\/motoshopextreme.ba\/?product=x-grip-tbi-protektor-za-tps-senzor","title":{"rendered":"X-GRIP TBI PROTEKTOR ZA TPS SENZOR"},"content":{"rendered":"","protected":false},"excerpt":{"rendered":"<p>este li spremni riskirati o\u0161te\u0107enje osjetljive elektronike va\u0161eg sustava ubrizgavanja goriva? Ako ne, TBI-Protector (za\u0161tita za ubrizgavanje goriva) je idealno rje\u0161enje za vas! \ud83c\udfcd\ufe0f\u2728 Posebno dizajniran za sveobuhvatnu za\u0161titu, ovaj \u0161tit je izra\u0111en od sna\u017enog T6-6061 aluminija CNC-tehnologijom.<\/p>\n","protected":false},"featured_media":2784,"template":"","meta":[],"product_brand":[],"product_cat":[176,184,152],"product_tag":[],"class_list":{"0":"post-2783","1":"product","2":"type-product","3":"status-publish","4":"has-post-thumbnail","6":"product_cat-dodatci","7":"product_cat-dodatci-za-motocikle","8":"product_cat-zastite-za-motocikle","10":"first","11":"instock","12":"taxable","13":"shipping-taxable","14":"purchasable","15":"product-type-simple"},"_links":{"self":[{"href":"https:\/\/motoshopextreme.ba\/index.php?rest_route=\/wp\/v2\/product\/2783","targetHints":{"allow":["GET"]}}],"collection":[{"href":"https:\/\/motoshopextreme.ba\/index.php?rest_route=\/wp\/v2\/product"}],"about":[{"href":"https:\/\/motoshopextreme.ba\/index.php?rest_route=\/wp\/v2\/types\/product"}],"wp:featuredmedia":[{"embeddable":true,"href":"https:\/\/motoshopextreme.ba\/index.php?rest_route=\/wp\/v2\/media\/2784"}],"wp:attachment":[{"href":"https:\/\/motoshopextreme.ba\/index.php?rest_route=%2Fwp%2Fv2%2Fmedia&parent=2783"}],"wp:term":[{"taxonomy":"product_brand","embeddable":true,"href":"https:\/\/motoshopextreme.ba\/index.php?rest_route=%2Fwp%2Fv2%2Fproduct_brand&post=2783"},{"taxonomy":"product_cat","embeddable":true,"href":"https:\/\/motoshopextreme.ba\/index.php?rest_route=%2Fwp%2Fv2%2Fproduct_cat&post=2783"},{"taxonomy":"product_tag","embeddable":true,"href":"https:\/\/motoshopextreme.ba\/index.php?rest_route=%2Fwp%2Fv2%2Fproduct_tag&post=2783"}],"curies":[{"name":"wp","href":"https:\/\/api.w.org\/{rel}","templated":true}]}}