{"id":2892,"date":"2024-02-02T14:39:40","date_gmt":"2024-02-02T14:39:40","guid":{"rendered":"https:\/\/motoshopextreme.ba\/?post_type=product&#038;p=2892"},"modified":"2024-02-02T14:39:41","modified_gmt":"2024-02-02T14:39:41","slug":"klizac-lanca-racetech-r-pattktmar16","status":"publish","type":"product","link":"https:\/\/motoshopextreme.ba\/?product=klizac-lanca-racetech-r-pattktmar16","title":{"rendered":"KLIZA\u010c LANCA RACETECH R-PATTKTMAR16"},"content":{"rendered":"<p>RaceTech kliza\u010d lanca za Husqvarna i KTM motocikle predstavlja visokokvalitetno rje\u0161enje za optimalnu za\u0161titu va\u0161eg lanca tijekom vo\u017enje u zahtjevnim uvjetima. Ovaj kliza\u010d lanca izra\u0111en je s naglaskom na izdr\u017eljivosti i performansama, pru\u017eaju\u0107i dugotrajan i pouzdan rad.<\/p>\n","protected":false},"excerpt":{"rendered":"<p>RaceTech kliza\u010d lanca za Husqvarna i KTM motocikle predstavlja visokokvalitetno rje\u0161enje za optimalnu za\u0161titu va\u0161eg lanca tijekom vo\u017enje u zahtjevnim uvjetima. Ovaj kliza\u010d lanca izra\u0111en je s naglaskom na izdr\u017eljivosti i performansama, pru\u017eaju\u0107i dugotrajan i pouzdan rad.<\/p>\n","protected":false},"featured_media":2893,"template":"","meta":[],"product_brand":[],"product_cat":[176,184,201],"product_tag":[],"class_list":{"0":"post-2892","1":"product","2":"type-product","3":"status-publish","4":"has-post-thumbnail","6":"product_cat-dodatci","7":"product_cat-dodatci-za-motocikle","8":"product_cat-dodatci-husqvarna","10":"first","11":"instock","12":"taxable","13":"shipping-taxable","14":"purchasable","15":"product-type-simple"},"_links":{"self":[{"href":"https:\/\/motoshopextreme.ba\/index.php?rest_route=\/wp\/v2\/product\/2892","targetHints":{"allow":["GET"]}}],"collection":[{"href":"https:\/\/motoshopextreme.ba\/index.php?rest_route=\/wp\/v2\/product"}],"about":[{"href":"https:\/\/motoshopextreme.ba\/index.php?rest_route=\/wp\/v2\/types\/product"}],"wp:featuredmedia":[{"embeddable":true,"href":"https:\/\/motoshopextreme.ba\/index.php?rest_route=\/wp\/v2\/media\/2893"}],"wp:attachment":[{"href":"https:\/\/motoshopextreme.ba\/index.php?rest_route=%2Fwp%2Fv2%2Fmedia&parent=2892"}],"wp:term":[{"taxonomy":"product_brand","embeddable":true,"href":"https:\/\/motoshopextreme.ba\/index.php?rest_route=%2Fwp%2Fv2%2Fproduct_brand&post=2892"},{"taxonomy":"product_cat","embeddable":true,"href":"https:\/\/motoshopextreme.ba\/index.php?rest_route=%2Fwp%2Fv2%2Fproduct_cat&post=2892"},{"taxonomy":"product_tag","embeddable":true,"href":"https:\/\/motoshopextreme.ba\/index.php?rest_route=%2Fwp%2Fv2%2Fproduct_tag&post=2892"}],"curies":[{"name":"wp","href":"https:\/\/api.w.org\/{rel}","templated":true}]}}