{"id":2907,"date":"2024-02-03T11:34:15","date_gmt":"2024-02-03T11:34:15","guid":{"rendered":"https:\/\/motoshopextreme.ba\/?post_type=product&#038;p=2907"},"modified":"2024-02-03T11:34:15","modified_gmt":"2024-02-03T11:34:15","slug":"volan-odi-podium-flight-286mm","status":"publish","type":"product","link":"https:\/\/motoshopextreme.ba\/?product=volan-odi-podium-flight-286mm","title":{"rendered":"VOLAN ODI Podium Flight 28,6mm"},"content":{"rendered":"<p><strong>Izra\u0111en od legure 2014-T6 radi dodatne \u010dvrsto\u0107e.<\/strong><\/p>\n<p><strong> Uklju\u010den bar\u0161unasti jastu\u010di\u0107 za \u0161ipku visoke gusto\u0107e.<\/strong><\/p>\n","protected":false},"excerpt":{"rendered":"<p><strong>Izra\u0111en od legure 2014-T6 radi dodatne \u010dvrsto\u0107e.<\/strong><\/p>\n<p><strong> Uklju\u010den bar\u0161unasti jastu\u010di\u0107 za \u0161ipku visoke gusto\u0107e.<\/strong><\/p>\n","protected":false},"featured_media":2908,"template":"","meta":[],"product_brand":[],"product_cat":[184,198,194,178,195,196,192,197,193],"product_tag":[],"class_list":{"0":"post-2907","1":"product","2":"type-product","3":"status-publish","4":"has-post-thumbnail","6":"product_cat-dodatci-za-motocikle","7":"product_cat-sasija-suzuki","8":"product_cat-sasija-honda","9":"product_cat-sasija","10":"product_cat-sasija-yamaha","11":"product_cat-sasija-kawasaki","12":"product_cat-sasija-husqvarna","13":"product_cat-sasija-sherco","14":"product_cat-sasija-beta","16":"first","17":"instock","18":"taxable","19":"shipping-taxable","20":"purchasable","21":"product-type-simple"},"_links":{"self":[{"href":"https:\/\/motoshopextreme.ba\/index.php?rest_route=\/wp\/v2\/product\/2907","targetHints":{"allow":["GET"]}}],"collection":[{"href":"https:\/\/motoshopextreme.ba\/index.php?rest_route=\/wp\/v2\/product"}],"about":[{"href":"https:\/\/motoshopextreme.ba\/index.php?rest_route=\/wp\/v2\/types\/product"}],"wp:featuredmedia":[{"embeddable":true,"href":"https:\/\/motoshopextreme.ba\/index.php?rest_route=\/wp\/v2\/media\/2908"}],"wp:attachment":[{"href":"https:\/\/motoshopextreme.ba\/index.php?rest_route=%2Fwp%2Fv2%2Fmedia&parent=2907"}],"wp:term":[{"taxonomy":"product_brand","embeddable":true,"href":"https:\/\/motoshopextreme.ba\/index.php?rest_route=%2Fwp%2Fv2%2Fproduct_brand&post=2907"},{"taxonomy":"product_cat","embeddable":true,"href":"https:\/\/motoshopextreme.ba\/index.php?rest_route=%2Fwp%2Fv2%2Fproduct_cat&post=2907"},{"taxonomy":"product_tag","embeddable":true,"href":"https:\/\/motoshopextreme.ba\/index.php?rest_route=%2Fwp%2Fv2%2Fproduct_tag&post=2907"}],"curies":[{"name":"wp","href":"https:\/\/api.w.org\/{rel}","templated":true}]}}