{"id":3249,"date":"2024-11-14T18:18:34","date_gmt":"2024-11-14T18:18:34","guid":{"rendered":"https:\/\/motoshopextreme.ba\/?post_type=product&#038;p=3249"},"modified":"2024-11-14T18:20:41","modified_gmt":"2024-11-14T18:20:41","slug":"smk-twister-vizir","status":"publish","type":"product","link":"https:\/\/motoshopextreme.ba\/?product=smk-twister-vizir","title":{"rendered":"SMK TWISTER VIZIR &#8211; DODATAK ZA KACIGU"},"content":{"rendered":"","protected":false},"excerpt":{"rendered":"<p>SMK Twister kaciga izra\u0111ena je od najnovije generacije termoplastike, s dizajnom koji osigurava izvanrednu vidljivost i udobnost. Ventilacijski otvori pru\u017eaju svje\u017einu tokom vo\u017enje, a kaciga je opremljena prakti\u010dnim funkcijama poput vizira sa za\u0161titom od sunca i opcijom za Bluetooth povezivanje.<\/p>\n<p><strong>Karakteristike:<\/strong><\/p>\n<ul>\n<li>EIRT termoplastika s aerodinami\u010dnim dizajnom<\/li>\n<li>Dvije veli\u010dine \u0161koljke za bolje pristajanje<\/li>\n<li>Integrirani sun\u010dani vizir s lakim pristupom<\/li>\n<li>Antialergijska, periva unutra\u0161njost<\/li>\n<li>Sistem ventilacije i deflektor zraka<\/li>\n<li>Brza izmjena vizira s UV i za\u0161titom od ogrebotina<\/li>\n<li>Pripremljena za Bluetooth i Pinlock sistem<\/li>\n<\/ul>\n<p><strong>Specifikacije:<\/strong><\/p>\n<ul>\n<li>ECE 22.05 odobrena<\/li>\n<li>Mikro zatvara\u010d<\/li>\n<li>Te\u017eina: cca. 1450g<\/li>\n<\/ul>\n","protected":false},"featured_media":3254,"template":"","meta":[],"product_brand":[],"product_cat":[153],"product_tag":[],"class_list":{"0":"post-3249","1":"product","2":"type-product","3":"status-publish","4":"has-post-thumbnail","6":"product_cat-cestovne-kacige","8":"first","9":"instock","10":"taxable","11":"shipping-taxable","12":"purchasable","13":"product-type-simple"},"_links":{"self":[{"href":"https:\/\/motoshopextreme.ba\/index.php?rest_route=\/wp\/v2\/product\/3249","targetHints":{"allow":["GET"]}}],"collection":[{"href":"https:\/\/motoshopextreme.ba\/index.php?rest_route=\/wp\/v2\/product"}],"about":[{"href":"https:\/\/motoshopextreme.ba\/index.php?rest_route=\/wp\/v2\/types\/product"}],"wp:featuredmedia":[{"embeddable":true,"href":"https:\/\/motoshopextreme.ba\/index.php?rest_route=\/wp\/v2\/media\/3254"}],"wp:attachment":[{"href":"https:\/\/motoshopextreme.ba\/index.php?rest_route=%2Fwp%2Fv2%2Fmedia&parent=3249"}],"wp:term":[{"taxonomy":"product_brand","embeddable":true,"href":"https:\/\/motoshopextreme.ba\/index.php?rest_route=%2Fwp%2Fv2%2Fproduct_brand&post=3249"},{"taxonomy":"product_cat","embeddable":true,"href":"https:\/\/motoshopextreme.ba\/index.php?rest_route=%2Fwp%2Fv2%2Fproduct_cat&post=3249"},{"taxonomy":"product_tag","embeddable":true,"href":"https:\/\/motoshopextreme.ba\/index.php?rest_route=%2Fwp%2Fv2%2Fproduct_tag&post=3249"}],"curies":[{"name":"wp","href":"https:\/\/api.w.org\/{rel}","templated":true}]}}