{"id":3362,"date":"2024-11-15T14:28:16","date_gmt":"2024-11-15T14:28:16","guid":{"rendered":"https:\/\/motoshopextreme.ba\/?post_type=product&#038;p=3362"},"modified":"2024-11-15T16:22:29","modified_gmt":"2024-11-15T16:22:29","slug":"fast-evo-roar-yellow-off-road-kaciga-za-motor","status":"publish","type":"product","link":"https:\/\/motoshopextreme.ba\/?product=fast-evo-roar-yellow-off-road-kaciga-za-motor","title":{"rendered":"LS2 FAST EVO \u2013 ROAR YELLOW Off-Road Kaciga za Motor"},"content":{"rendered":"","protected":false},"excerpt":{"rendered":"<p>LS2 Fast EVO kaciga nudi kombinaciju sigurnosti, udobnosti i napredne ventilacije, savr\u0161ena za zahtjevne terenske vo\u017enje.<\/p>\n<p><strong>Klju\u010dne karakteristike:<\/strong><\/p>\n<ul>\n<li>Podstava koja se mo\u017ee skinuti, prati i izra\u0111ena je od hipoalergenskih materijala<\/li>\n<li>Laserski precizno oblikovana unutra\u0161njost za dodatnu udobnost<\/li>\n<li>Dvostruki D prsten za sigurnost i sustav za brzo skidanje kacige u hitnim situacijama<\/li>\n<li>Vi\u0161ekanalna ventilacija s vi\u0161estrukim usisima i izlaznim otvorima za optimalan protok zraka<\/li>\n<li>Oja\u010dani sigurnosni remen i EPS s razli\u010ditim stepenima gusto\u0107e<\/li>\n<\/ul>\n<p>LS2 Fast EVO pru\u017ea sigurnost i performanse potrebne za off-road avanture!<\/p>\n","protected":false},"featured_media":3367,"template":"","meta":[],"product_brand":[],"product_cat":[154],"product_tag":[],"class_list":{"0":"post-3362","1":"product","2":"type-product","3":"status-publish","4":"has-post-thumbnail","6":"product_cat-off-road-kacige","8":"first","9":"instock","10":"taxable","11":"shipping-taxable","12":"purchasable","13":"product-type-variable"},"_links":{"self":[{"href":"https:\/\/motoshopextreme.ba\/index.php?rest_route=\/wp\/v2\/product\/3362","targetHints":{"allow":["GET"]}}],"collection":[{"href":"https:\/\/motoshopextreme.ba\/index.php?rest_route=\/wp\/v2\/product"}],"about":[{"href":"https:\/\/motoshopextreme.ba\/index.php?rest_route=\/wp\/v2\/types\/product"}],"wp:featuredmedia":[{"embeddable":true,"href":"https:\/\/motoshopextreme.ba\/index.php?rest_route=\/wp\/v2\/media\/3367"}],"wp:attachment":[{"href":"https:\/\/motoshopextreme.ba\/index.php?rest_route=%2Fwp%2Fv2%2Fmedia&parent=3362"}],"wp:term":[{"taxonomy":"product_brand","embeddable":true,"href":"https:\/\/motoshopextreme.ba\/index.php?rest_route=%2Fwp%2Fv2%2Fproduct_brand&post=3362"},{"taxonomy":"product_cat","embeddable":true,"href":"https:\/\/motoshopextreme.ba\/index.php?rest_route=%2Fwp%2Fv2%2Fproduct_cat&post=3362"},{"taxonomy":"product_tag","embeddable":true,"href":"https:\/\/motoshopextreme.ba\/index.php?rest_route=%2Fwp%2Fv2%2Fproduct_tag&post=3362"}],"curies":[{"name":"wp","href":"https:\/\/api.w.org\/{rel}","templated":true}]}}