{"id":3876,"date":"2024-11-16T11:31:12","date_gmt":"2024-11-16T11:31:12","guid":{"rendered":"https:\/\/motoshopextreme.ba\/?post_type=product&#038;p=3876"},"modified":"2024-11-16T11:31:37","modified_gmt":"2024-11-16T11:31:37","slug":"adrenaline-hexagon-rukavice-za-motor-2","status":"publish","type":"product","link":"https:\/\/motoshopextreme.ba\/?product=adrenaline-hexagon-rukavice-za-motor-2","title":{"rendered":"ADRENALINE HEXAGON Rukavice za Motor"},"content":{"rendered":"","protected":false},"excerpt":{"rendered":"<p>Adrenaline Hexagon rukavice su idealne za voza\u010de koji tra\u017ee maksimalnu za\u0161titu i udobnost tokom vo\u017enje po asfaltiranim cestama. Ove rukavice imaju oja\u010danja na prednjem delu dlana, \u0161to pru\u017ea dodatnu sigurnost, dok visokokvalitetni materijali osiguravaju dobru ventilaciju. Ergonomski dizajn omogu\u0107ava savr\u0161en fit i fleksibilnost, \u0161to \u010dini rukavice udobnim izborom za du\u017ee vo\u017enje.<\/p>\n<p><strong>Karakteristike:<\/strong><\/p>\n<ul>\n<li><strong>Oja\u010danja na prednjem delu<\/strong>: Pove\u0107ana za\u0161tita na dlanu za ve\u0107u sigurnost.<\/li>\n<li><strong>Udobnost i ventilacija<\/strong>: Prozra\u010dni materijali koji omogu\u0107avaju udobnost tokom cijelog dana.<\/li>\n<li><strong>Ergonomski dizajn<\/strong>: Prilagodljive za savr\u0161en fit i lako manevrisanje.<\/li>\n<\/ul>\n<p>Savr\u0161ene za cestovnu vo\u017enju, pru\u017eaju za\u0161titu i udobnost u svim uvjetima.<\/p>\n","protected":false},"featured_media":3881,"template":"","meta":[],"product_brand":[],"product_cat":[156],"product_tag":[],"class_list":{"0":"post-3876","1":"product","2":"type-product","3":"status-publish","4":"has-post-thumbnail","6":"product_cat-cestovne-rukavice","8":"first","9":"instock","10":"taxable","11":"shipping-taxable","12":"purchasable","13":"product-type-variable"},"_links":{"self":[{"href":"https:\/\/motoshopextreme.ba\/index.php?rest_route=\/wp\/v2\/product\/3876","targetHints":{"allow":["GET"]}}],"collection":[{"href":"https:\/\/motoshopextreme.ba\/index.php?rest_route=\/wp\/v2\/product"}],"about":[{"href":"https:\/\/motoshopextreme.ba\/index.php?rest_route=\/wp\/v2\/types\/product"}],"wp:featuredmedia":[{"embeddable":true,"href":"https:\/\/motoshopextreme.ba\/index.php?rest_route=\/wp\/v2\/media\/3881"}],"wp:attachment":[{"href":"https:\/\/motoshopextreme.ba\/index.php?rest_route=%2Fwp%2Fv2%2Fmedia&parent=3876"}],"wp:term":[{"taxonomy":"product_brand","embeddable":true,"href":"https:\/\/motoshopextreme.ba\/index.php?rest_route=%2Fwp%2Fv2%2Fproduct_brand&post=3876"},{"taxonomy":"product_cat","embeddable":true,"href":"https:\/\/motoshopextreme.ba\/index.php?rest_route=%2Fwp%2Fv2%2Fproduct_cat&post=3876"},{"taxonomy":"product_tag","embeddable":true,"href":"https:\/\/motoshopextreme.ba\/index.php?rest_route=%2Fwp%2Fv2%2Fproduct_tag&post=3876"}],"curies":[{"name":"wp","href":"https:\/\/api.w.org\/{rel}","templated":true}]}}