{"id":3985,"date":"2024-11-16T18:19:54","date_gmt":"2024-11-16T18:19:54","guid":{"rendered":"https:\/\/motoshopextreme.ba\/?post_type=product&#038;p=3985"},"modified":"2024-11-16T18:22:53","modified_gmt":"2024-11-16T18:22:53","slug":"adrenaline-tooler-studs-kozna-torba-za-motor","status":"publish","type":"product","link":"https:\/\/motoshopextreme.ba\/?product=adrenaline-tooler-studs-kozna-torba-za-motor","title":{"rendered":"ADRENALINE TOOLER STUDS Ko\u017ena Torba za Motor"},"content":{"rendered":"","protected":false},"excerpt":{"rendered":"<p>TOOLER STUDS ADRENALINE je elegantna i funkcionalna torba dizajnirana za voza\u010de Chopper i Cruiser motocikala. Njena izdr\u017eljiva izrada i klasi\u010dan izgled s metalnim zakovicama \u010dine je savr\u0161enim dodatkom za svakog ljubitelja vo\u017enje na dva to\u010dka.<\/p>\n<h3>Karakteristike:<\/h3>\n<ul>\n<li><strong>Kvalitetna izrada<\/strong> Napravljena od visokokvalitetne ko\u017ee za dugotrajnost i klasi\u010dan izgled.<\/li>\n<li><strong>Dekorativne zakovice<\/strong> Metalne zakovice dodaju atraktivan izgled, savr\u0161eno se uklapaju\u0107i uz stil Chopper i Cruiser motocikala.<\/li>\n<li><strong>Prakti\u010dno pri\u010dvr\u0161\u0107ivanje<\/strong> Opremljena trakama za brzo i sigurno montiranje ispod prednjeg svjetla motocikla.<\/li>\n<li><strong>\u010cvrste metalne kop\u010de<\/strong> Pru\u017eaju dodatnu sigurnost i osiguravaju jednostavno otvaranje i zatvaranje torbe.<\/li>\n<li><strong>Kompaktan dizajn<\/strong> Dovoljno prostrana za odlaganje osnovnih stvari poput alata, dokumenata ili dodatne opreme, a istovremeno ne zauzima previ\u0161e prostora.<\/li>\n<li><strong>Univerzalna kompatibilnost<\/strong> Prilago\u0111ena za ve\u0107inu Chopper i Cruiser motocikala.<\/li>\n<\/ul>\n","protected":false},"featured_media":3986,"template":"","meta":[],"product_brand":[],"product_cat":[183],"product_tag":[],"class_list":{"0":"post-3985","1":"product","2":"type-product","3":"status-publish","4":"has-post-thumbnail","6":"product_cat-dodatci-vozace","8":"first","9":"instock","10":"taxable","11":"shipping-taxable","12":"purchasable","13":"product-type-simple"},"_links":{"self":[{"href":"https:\/\/motoshopextreme.ba\/index.php?rest_route=\/wp\/v2\/product\/3985","targetHints":{"allow":["GET"]}}],"collection":[{"href":"https:\/\/motoshopextreme.ba\/index.php?rest_route=\/wp\/v2\/product"}],"about":[{"href":"https:\/\/motoshopextreme.ba\/index.php?rest_route=\/wp\/v2\/types\/product"}],"wp:featuredmedia":[{"embeddable":true,"href":"https:\/\/motoshopextreme.ba\/index.php?rest_route=\/wp\/v2\/media\/3986"}],"wp:attachment":[{"href":"https:\/\/motoshopextreme.ba\/index.php?rest_route=%2Fwp%2Fv2%2Fmedia&parent=3985"}],"wp:term":[{"taxonomy":"product_brand","embeddable":true,"href":"https:\/\/motoshopextreme.ba\/index.php?rest_route=%2Fwp%2Fv2%2Fproduct_brand&post=3985"},{"taxonomy":"product_cat","embeddable":true,"href":"https:\/\/motoshopextreme.ba\/index.php?rest_route=%2Fwp%2Fv2%2Fproduct_cat&post=3985"},{"taxonomy":"product_tag","embeddable":true,"href":"https:\/\/motoshopextreme.ba\/index.php?rest_route=%2Fwp%2Fv2%2Fproduct_tag&post=3985"}],"curies":[{"name":"wp","href":"https:\/\/api.w.org\/{rel}","templated":true}]}}