{"id":4036,"date":"2024-11-16T20:23:42","date_gmt":"2024-11-16T20:23:42","guid":{"rendered":"https:\/\/motoshopextreme.ba\/?post_type=product&#038;p=4036"},"modified":"2024-11-16T20:24:42","modified_gmt":"2024-11-16T20:24:42","slug":"adrenaline-pro-2-0-pojas-stitnik-za-bubrege","status":"publish","type":"product","link":"https:\/\/motoshopextreme.ba\/?product=adrenaline-pro-2-0-pojas-stitnik-za-bubrege","title":{"rendered":"ADRENALINE PRO 2.0 Pojas \u0160titnik za Bubrege"},"content":{"rendered":"","protected":false},"excerpt":{"rendered":"<p>Adrenaline Pro 2.0 pojas za bubrege je visokokvalitetni za\u0161titni pojas koji pru\u017ea vrhunsku podr\u0161ku i za\u0161titu za donji dio le\u0111a i bubrege tokom motociklisti\u010dkih vo\u017enji. Ovaj pojas je dizajniran da smanji rizik od povreda i naprezanja u predjelu le\u0111a, naro\u010dito prilikom intenzivnih vo\u017enji ili padova.<\/p>\n<p>Izra\u0111en od izdr\u017eljivih i laganih materijala, Adrenaline Pro 2.0 pojas nudi \u010dvrstu i stabilnu podr\u0161ku, dok istovremeno omogu\u0107ava udobnost i fleksibilnost. Unutra\u0161nja obloga je mekana, \u0161to smanjuje nelagodnosti i iritacije tokom du\u017eih vo\u017enji. Pojas se lako pode\u0161ava zahvaljuju\u0107i podesivim trakama, omogu\u0107avaju\u0107i savr\u0161eno prianjanje i stabilnost na tijelu.<\/p>\n","protected":false},"featured_media":4037,"template":"","meta":[],"product_brand":[],"product_cat":[67],"product_tag":[],"class_list":{"0":"post-4036","1":"product","2":"type-product","3":"status-publish","4":"has-post-thumbnail","6":"product_cat-zastitna-odjeca","8":"first","9":"instock","10":"taxable","11":"shipping-taxable","12":"purchasable","13":"product-type-simple"},"_links":{"self":[{"href":"https:\/\/motoshopextreme.ba\/index.php?rest_route=\/wp\/v2\/product\/4036","targetHints":{"allow":["GET"]}}],"collection":[{"href":"https:\/\/motoshopextreme.ba\/index.php?rest_route=\/wp\/v2\/product"}],"about":[{"href":"https:\/\/motoshopextreme.ba\/index.php?rest_route=\/wp\/v2\/types\/product"}],"wp:featuredmedia":[{"embeddable":true,"href":"https:\/\/motoshopextreme.ba\/index.php?rest_route=\/wp\/v2\/media\/4037"}],"wp:attachment":[{"href":"https:\/\/motoshopextreme.ba\/index.php?rest_route=%2Fwp%2Fv2%2Fmedia&parent=4036"}],"wp:term":[{"taxonomy":"product_brand","embeddable":true,"href":"https:\/\/motoshopextreme.ba\/index.php?rest_route=%2Fwp%2Fv2%2Fproduct_brand&post=4036"},{"taxonomy":"product_cat","embeddable":true,"href":"https:\/\/motoshopextreme.ba\/index.php?rest_route=%2Fwp%2Fv2%2Fproduct_cat&post=4036"},{"taxonomy":"product_tag","embeddable":true,"href":"https:\/\/motoshopextreme.ba\/index.php?rest_route=%2Fwp%2Fv2%2Fproduct_tag&post=4036"}],"curies":[{"name":"wp","href":"https:\/\/api.w.org\/{rel}","templated":true}]}}