{"id":4091,"date":"2025-01-10T20:46:57","date_gmt":"2025-01-10T20:46:57","guid":{"rendered":"https:\/\/motoshopextreme.ba\/?post_type=product&#038;p=4091"},"modified":"2025-01-10T20:48:06","modified_gmt":"2025-01-10T20:48:06","slug":"starter-anlaser-motor-za-cfmoto-cf-moto-800-1000","status":"publish","type":"product","link":"https:\/\/motoshopextreme.ba\/?product=starter-anlaser-motor-za-cfmoto-cf-moto-800-1000","title":{"rendered":"Starter anlaser motor za CFMOTO CF MOTO 800\/1000"},"content":{"rendered":"","protected":false},"excerpt":{"rendered":"<p>Starter anlaser motor za CFMOTO CF MOTO 800\/1000 osigurava pouzdano i brzo pokretanje va\u0161eg vozila u svim uvjetima.<\/p>\n<ul>\n<li><strong>Kompatibilnost<\/strong>: Pogodan za modele CFORCE, ZFORCE i UFORCE s motorima od 800 i 1000 ccm.<\/li>\n<li><strong>Visoka kvaliteta<\/strong>: Proizveden od izdr\u017eljivih materijala koji osiguravaju dug vijek trajanja i otpornost na habanje.<\/li>\n<li><strong>U\u010dinkovitost<\/strong>: Osigurava sna\u017ean i stabilan rad, \u010dak i pri niskim temperaturama.<\/li>\n<\/ul>\n<p><strong>Prednosti:<\/strong><\/p>\n<ul>\n<li>Brzo i pouzdano pokretanje motora.<\/li>\n<li>Smanjuje tro\u0161enje ostalih komponenata sistema paljenja.<\/li>\n<li>Dizajniran za jednostavnu i brzu ugradnju.<\/li>\n<\/ul>\n<p><strong>Napomena:<\/strong> Preporu\u010duje se redovno odr\u017eavanje sistema paljenja kako bi se produ\u017eio vijek trajanja startera i osigurala pouzdanost va\u0161eg vozila.<\/p>\n","protected":false},"featured_media":4092,"template":"","meta":[],"product_brand":[],"product_cat":[206],"product_tag":[],"class_list":{"0":"post-4091","1":"product","2":"type-product","3":"status-publish","4":"has-post-thumbnail","6":"product_cat-masina-cfmoto","8":"first","9":"onbackorder","10":"taxable","11":"shipping-taxable","12":"purchasable","13":"product-type-simple"},"_links":{"self":[{"href":"https:\/\/motoshopextreme.ba\/index.php?rest_route=\/wp\/v2\/product\/4091","targetHints":{"allow":["GET"]}}],"collection":[{"href":"https:\/\/motoshopextreme.ba\/index.php?rest_route=\/wp\/v2\/product"}],"about":[{"href":"https:\/\/motoshopextreme.ba\/index.php?rest_route=\/wp\/v2\/types\/product"}],"wp:featuredmedia":[{"embeddable":true,"href":"https:\/\/motoshopextreme.ba\/index.php?rest_route=\/wp\/v2\/media\/4092"}],"wp:attachment":[{"href":"https:\/\/motoshopextreme.ba\/index.php?rest_route=%2Fwp%2Fv2%2Fmedia&parent=4091"}],"wp:term":[{"taxonomy":"product_brand","embeddable":true,"href":"https:\/\/motoshopextreme.ba\/index.php?rest_route=%2Fwp%2Fv2%2Fproduct_brand&post=4091"},{"taxonomy":"product_cat","embeddable":true,"href":"https:\/\/motoshopextreme.ba\/index.php?rest_route=%2Fwp%2Fv2%2Fproduct_cat&post=4091"},{"taxonomy":"product_tag","embeddable":true,"href":"https:\/\/motoshopextreme.ba\/index.php?rest_route=%2Fwp%2Fv2%2Fproduct_tag&post=4091"}],"curies":[{"name":"wp","href":"https:\/\/api.w.org\/{rel}","templated":true}]}}