{"id":4111,"date":"2025-01-10T21:00:06","date_gmt":"2025-01-10T21:00:06","guid":{"rendered":"https:\/\/motoshopextreme.ba\/?post_type=product&#038;p=4111"},"modified":"2025-01-10T21:12:48","modified_gmt":"2025-01-10T21:12:48","slug":"vodena-pumpa-za-cfmoto-cf-moto-linhai-500-600","status":"publish","type":"product","link":"https:\/\/motoshopextreme.ba\/?product=vodena-pumpa-za-cfmoto-cf-moto-linhai-500-600","title":{"rendered":"Vodena pumpa za CFMOTO CF MOTO LINHAI 500\/600"},"content":{"rendered":"","protected":false},"excerpt":{"rendered":"<p>Senzor pritiska ulja omogu\u0107ava precizno pra\u0107enje tlaka ulja u motoru, osiguravaju\u0107i optimalne performanse i za\u0161titu motora.<\/p>\n<ul>\n<li><strong>Kompatibilnost<\/strong>: Pogodan za modele s motorima od 1000 ccm.<\/li>\n<li><strong>Visoka preciznost<\/strong>: Omogu\u0107ava to\u010dna o\u010ditanja tlaka ulja za sigurnost i pouzdan rad motora.<\/li>\n<li><strong>Izdr\u017eljiv dizajn<\/strong>: Otporan na visoke temperature i pritiske, idealan za dugotrajnu upotrebu.<\/li>\n<\/ul>\n<p><strong>Prednosti:<\/strong><\/p>\n<ul>\n<li>Sprje\u010dava o\u0161te\u0107enja uzrokovana nepravilnim tlakom ulja.<\/li>\n<li>Pobolj\u0161ava pouzdanost i dugovje\u010dnost motora.<\/li>\n<li>Jednostavna zamjena, kompatibilan s originalnim sistemima vozila.<\/li>\n<\/ul>\n","protected":false},"featured_media":4112,"template":"","meta":[],"product_brand":[],"product_cat":[206,208],"product_tag":[],"class_list":{"0":"post-4111","1":"product","2":"type-product","3":"status-publish","4":"has-post-thumbnail","6":"product_cat-masina-cfmoto","7":"product_cat-masina-linhai","9":"first","10":"onbackorder","11":"taxable","12":"shipping-taxable","13":"purchasable","14":"product-type-simple"},"_links":{"self":[{"href":"https:\/\/motoshopextreme.ba\/index.php?rest_route=\/wp\/v2\/product\/4111","targetHints":{"allow":["GET"]}}],"collection":[{"href":"https:\/\/motoshopextreme.ba\/index.php?rest_route=\/wp\/v2\/product"}],"about":[{"href":"https:\/\/motoshopextreme.ba\/index.php?rest_route=\/wp\/v2\/types\/product"}],"wp:featuredmedia":[{"embeddable":true,"href":"https:\/\/motoshopextreme.ba\/index.php?rest_route=\/wp\/v2\/media\/4112"}],"wp:attachment":[{"href":"https:\/\/motoshopextreme.ba\/index.php?rest_route=%2Fwp%2Fv2%2Fmedia&parent=4111"}],"wp:term":[{"taxonomy":"product_brand","embeddable":true,"href":"https:\/\/motoshopextreme.ba\/index.php?rest_route=%2Fwp%2Fv2%2Fproduct_brand&post=4111"},{"taxonomy":"product_cat","embeddable":true,"href":"https:\/\/motoshopextreme.ba\/index.php?rest_route=%2Fwp%2Fv2%2Fproduct_cat&post=4111"},{"taxonomy":"product_tag","embeddable":true,"href":"https:\/\/motoshopextreme.ba\/index.php?rest_route=%2Fwp%2Fv2%2Fproduct_tag&post=4111"}],"curies":[{"name":"wp","href":"https:\/\/api.w.org\/{rel}","templated":true}]}}