{"id":4135,"date":"2025-01-10T21:14:40","date_gmt":"2025-01-10T21:14:40","guid":{"rendered":"https:\/\/motoshopextreme.ba\/?post_type=product&#038;p=4135"},"modified":"2025-01-10T21:15:08","modified_gmt":"2025-01-10T21:15:08","slug":"zatezac-lanca-za-cfmoto-cf-moto-linhai-500-600","status":"publish","type":"product","link":"https:\/\/motoshopextreme.ba\/?product=zatezac-lanca-za-cfmoto-cf-moto-linhai-500-600","title":{"rendered":"Zateza\u010d lanca za CFMOTO CF MOTO LINHAI 500\/600"},"content":{"rendered":"","protected":false},"excerpt":{"rendered":"<p>Zateza\u010d lanca osigurava pravilnu napetost faznog lanca, sprje\u010davaju\u0107i prekomjerno habanje i omogu\u0107avaju\u0107i optimalan rad motora.<\/p>\n<ul>\n<li><strong>Kompatibilnost<\/strong>: Prikladan za modele CFMOTO i LINHAI s motorima od 500 i 600 ccm.<\/li>\n<li><strong>Kvalitetna konstrukcija<\/strong>: Izra\u0111en od trajnih materijala otpornih na visoke temperature i habanje.<\/li>\n<li><strong>Precizna funkcionalnost<\/strong>: Pru\u017ea stabilnost lanca u svim uvjetima vo\u017enje.<\/li>\n<\/ul>\n<p><strong>Prednosti:<\/strong><\/p>\n<ul>\n<li>Produ\u017eava vijek trajanja razvodnog sistema.<\/li>\n<li>Smanjuje vibracije i buku motora.<\/li>\n<li>Jednostavan za instalaciju i odr\u017eavanje.<\/li>\n<\/ul>\n","protected":false},"featured_media":4136,"template":"","meta":[],"product_brand":[],"product_cat":[206,208],"product_tag":[],"class_list":{"0":"post-4135","1":"product","2":"type-product","3":"status-publish","4":"has-post-thumbnail","6":"product_cat-masina-cfmoto","7":"product_cat-masina-linhai","9":"first","10":"onbackorder","11":"taxable","12":"shipping-taxable","13":"purchasable","14":"product-type-simple"},"_links":{"self":[{"href":"https:\/\/motoshopextreme.ba\/index.php?rest_route=\/wp\/v2\/product\/4135","targetHints":{"allow":["GET"]}}],"collection":[{"href":"https:\/\/motoshopextreme.ba\/index.php?rest_route=\/wp\/v2\/product"}],"about":[{"href":"https:\/\/motoshopextreme.ba\/index.php?rest_route=\/wp\/v2\/types\/product"}],"wp:featuredmedia":[{"embeddable":true,"href":"https:\/\/motoshopextreme.ba\/index.php?rest_route=\/wp\/v2\/media\/4136"}],"wp:attachment":[{"href":"https:\/\/motoshopextreme.ba\/index.php?rest_route=%2Fwp%2Fv2%2Fmedia&parent=4135"}],"wp:term":[{"taxonomy":"product_brand","embeddable":true,"href":"https:\/\/motoshopextreme.ba\/index.php?rest_route=%2Fwp%2Fv2%2Fproduct_brand&post=4135"},{"taxonomy":"product_cat","embeddable":true,"href":"https:\/\/motoshopextreme.ba\/index.php?rest_route=%2Fwp%2Fv2%2Fproduct_cat&post=4135"},{"taxonomy":"product_tag","embeddable":true,"href":"https:\/\/motoshopextreme.ba\/index.php?rest_route=%2Fwp%2Fv2%2Fproduct_tag&post=4135"}],"curies":[{"name":"wp","href":"https:\/\/api.w.org\/{rel}","templated":true}]}}