{"id":4138,"date":"2025-01-10T21:15:23","date_gmt":"2025-01-10T21:15:23","guid":{"rendered":"https:\/\/motoshopextreme.ba\/?post_type=product&#038;p=4138"},"modified":"2025-01-10T21:15:59","modified_gmt":"2025-01-10T21:15:59","slug":"cilindar-za-cfmoto-cf-moto-linhai-500-600","status":"publish","type":"product","link":"https:\/\/motoshopextreme.ba\/?product=cilindar-za-cfmoto-cf-moto-linhai-500-600","title":{"rendered":"Cilindar za CFMOTO CF MOTO LINHAI 500\/600"},"content":{"rendered":"","protected":false},"excerpt":{"rendered":"<p>Cilindar je klju\u010dna komponenta motora koja osigurava optimalnu kompresiju i efikasnost, omogu\u0107avaju\u0107i pouzdane performanse i dugotrajan rad.<\/p>\n<ul>\n<li><strong>Kompatibilnost<\/strong>: Prikladan za modele CFMOTO i LINHAI s motorima od 500 i 600 ccm.<\/li>\n<li><strong>Visokokvalitetni materijali<\/strong>: Izra\u0111en od izdr\u017eljivih materijala otpornih na habanje i visoke temperature.<\/li>\n<li><strong>Precizna izrada<\/strong>: Osigurava savr\u0161eno prianjanje i maksimalnu efikasnost motora.<\/li>\n<\/ul>\n<p><strong>Prednosti:<\/strong><\/p>\n<ul>\n<li>Pobolj\u0161ava performanse motora.<\/li>\n<li>Produ\u017eava vijek trajanja klipova i drugih povezanih dijelova.<\/li>\n<li>Jednostavan za instalaciju i odr\u017eavanje.<\/li>\n<\/ul>\n","protected":false},"featured_media":4139,"template":"","meta":[],"product_brand":[],"product_cat":[206,208],"product_tag":[],"class_list":{"0":"post-4138","1":"product","2":"type-product","3":"status-publish","4":"has-post-thumbnail","6":"product_cat-masina-cfmoto","7":"product_cat-masina-linhai","9":"first","10":"onbackorder","11":"taxable","12":"shipping-taxable","13":"purchasable","14":"product-type-simple"},"_links":{"self":[{"href":"https:\/\/motoshopextreme.ba\/index.php?rest_route=\/wp\/v2\/product\/4138","targetHints":{"allow":["GET"]}}],"collection":[{"href":"https:\/\/motoshopextreme.ba\/index.php?rest_route=\/wp\/v2\/product"}],"about":[{"href":"https:\/\/motoshopextreme.ba\/index.php?rest_route=\/wp\/v2\/types\/product"}],"wp:featuredmedia":[{"embeddable":true,"href":"https:\/\/motoshopextreme.ba\/index.php?rest_route=\/wp\/v2\/media\/4139"}],"wp:attachment":[{"href":"https:\/\/motoshopextreme.ba\/index.php?rest_route=%2Fwp%2Fv2%2Fmedia&parent=4138"}],"wp:term":[{"taxonomy":"product_brand","embeddable":true,"href":"https:\/\/motoshopextreme.ba\/index.php?rest_route=%2Fwp%2Fv2%2Fproduct_brand&post=4138"},{"taxonomy":"product_cat","embeddable":true,"href":"https:\/\/motoshopextreme.ba\/index.php?rest_route=%2Fwp%2Fv2%2Fproduct_cat&post=4138"},{"taxonomy":"product_tag","embeddable":true,"href":"https:\/\/motoshopextreme.ba\/index.php?rest_route=%2Fwp%2Fv2%2Fproduct_tag&post=4138"}],"curies":[{"name":"wp","href":"https:\/\/api.w.org\/{rel}","templated":true}]}}