{"id":4146,"date":"2025-01-10T21:19:01","date_gmt":"2025-01-10T21:19:01","guid":{"rendered":"https:\/\/motoshopextreme.ba\/?post_type=product&#038;p=4146"},"modified":"2025-01-10T21:19:25","modified_gmt":"2025-01-10T21:19:25","slug":"klackalica-bregaste-cfmoto-cf-moto-linhai-500-600","status":"publish","type":"product","link":"https:\/\/motoshopextreme.ba\/?product=klackalica-bregaste-cfmoto-cf-moto-linhai-500-600","title":{"rendered":"Klackalica bregaste CFMOTO CF MOTO LINHAI 500\/600"},"content":{"rendered":"","protected":false},"excerpt":{"rendered":"<p>Klackalica bregaste osovine igra klju\u010dnu ulogu u prijenosu pokreta bregaste osovine prema ventilima, omogu\u0107avaju\u0107i precizno otvaranje i zatvaranje ventila za optimalne performanse motora.<\/p>\n<ul>\n<li><strong>Kompatibilnost<\/strong>: Prikladna za modele CFMOTO i LINHAI s motorima od 500 i 600 ccm.<\/li>\n<li><strong>Visokokvalitetni materijali<\/strong>: Izra\u0111ena od trajnih i otpornih materijala za dugotrajan rad.<\/li>\n<li><strong>Precizna izrada<\/strong>: Osigurava stabilnost i pouzdan rad motora.<\/li>\n<\/ul>\n","protected":false},"featured_media":4147,"template":"","meta":[],"product_brand":[],"product_cat":[206,208],"product_tag":[],"class_list":{"0":"post-4146","1":"product","2":"type-product","3":"status-publish","4":"has-post-thumbnail","6":"product_cat-masina-cfmoto","7":"product_cat-masina-linhai","9":"first","10":"onbackorder","11":"taxable","12":"shipping-taxable","13":"purchasable","14":"product-type-simple"},"_links":{"self":[{"href":"https:\/\/motoshopextreme.ba\/index.php?rest_route=\/wp\/v2\/product\/4146","targetHints":{"allow":["GET"]}}],"collection":[{"href":"https:\/\/motoshopextreme.ba\/index.php?rest_route=\/wp\/v2\/product"}],"about":[{"href":"https:\/\/motoshopextreme.ba\/index.php?rest_route=\/wp\/v2\/types\/product"}],"wp:featuredmedia":[{"embeddable":true,"href":"https:\/\/motoshopextreme.ba\/index.php?rest_route=\/wp\/v2\/media\/4147"}],"wp:attachment":[{"href":"https:\/\/motoshopextreme.ba\/index.php?rest_route=%2Fwp%2Fv2%2Fmedia&parent=4146"}],"wp:term":[{"taxonomy":"product_brand","embeddable":true,"href":"https:\/\/motoshopextreme.ba\/index.php?rest_route=%2Fwp%2Fv2%2Fproduct_brand&post=4146"},{"taxonomy":"product_cat","embeddable":true,"href":"https:\/\/motoshopextreme.ba\/index.php?rest_route=%2Fwp%2Fv2%2Fproduct_cat&post=4146"},{"taxonomy":"product_tag","embeddable":true,"href":"https:\/\/motoshopextreme.ba\/index.php?rest_route=%2Fwp%2Fv2%2Fproduct_tag&post=4146"}],"curies":[{"name":"wp","href":"https:\/\/api.w.org\/{rel}","templated":true}]}}