{"id":4152,"date":"2025-01-10T21:21:45","date_gmt":"2025-01-10T21:21:45","guid":{"rendered":"https:\/\/motoshopextreme.ba\/?post_type=product&#038;p=4152"},"modified":"2025-01-10T21:22:15","modified_gmt":"2025-01-10T21:22:15","slug":"kompletna-glava-za-cfmoto-cf-moto-linhai-500-600","status":"publish","type":"product","link":"https:\/\/motoshopextreme.ba\/?product=kompletna-glava-za-cfmoto-cf-moto-linhai-500-600","title":{"rendered":"Kompletna Glava za CFMOTO CF MOTO LINHAI 500\/600"},"content":{"rendered":"","protected":false},"excerpt":{"rendered":"<p>Kompletna glava motora dolazi sa svim potrebnim komponentama kako bi osigurala optimalne performanse va\u0161eg motora, pru\u017eaju\u0107i pouzdan rad i dugotrajnu efikasnost.<\/p>\n<ul>\n<li><strong>Kompatibilnost<\/strong>: Pogodna za modele CFMOTO i LINHAI s motorima od 500 i 600 ccm.<\/li>\n<li><strong>Sveobuhvatan set<\/strong>: Uklju\u010duje ventile, klackalice i ostale klju\u010dne komponente potrebne za monta\u017eu.<\/li>\n<li><strong>Visoka izdr\u017eljivost<\/strong>: Izra\u0111ena od kvalitetnih materijala otpornih na visoke temperature i habanje.<\/li>\n<\/ul>\n<p><strong>Prednosti:<\/strong><\/p>\n<ul>\n<li>Omogu\u0107ava brzo i lako vra\u0107anje motora u prvobitno stanje.<\/li>\n<li>Osigurava pravilnu kompresiju i efikasno sagorijevanje.<\/li>\n<li>Pru\u017ea dugotrajnu za\u0161titu i stabilan rad motora.<\/li>\n<\/ul>\n<p><strong>Napomena:<\/strong> Preporu\u010duje se profesionalna ugradnja kako bi se osigurala optimalna funkcionalnost i vijek trajanja motora.<\/p>\n<p>&nbsp;<\/p>\n","protected":false},"featured_media":4153,"template":"","meta":[],"product_brand":[],"product_cat":[206,208],"product_tag":[],"class_list":{"0":"post-4152","1":"product","2":"type-product","3":"status-publish","4":"has-post-thumbnail","6":"product_cat-masina-cfmoto","7":"product_cat-masina-linhai","9":"first","10":"onbackorder","11":"taxable","12":"shipping-taxable","13":"purchasable","14":"product-type-simple"},"_links":{"self":[{"href":"https:\/\/motoshopextreme.ba\/index.php?rest_route=\/wp\/v2\/product\/4152","targetHints":{"allow":["GET"]}}],"collection":[{"href":"https:\/\/motoshopextreme.ba\/index.php?rest_route=\/wp\/v2\/product"}],"about":[{"href":"https:\/\/motoshopextreme.ba\/index.php?rest_route=\/wp\/v2\/types\/product"}],"wp:featuredmedia":[{"embeddable":true,"href":"https:\/\/motoshopextreme.ba\/index.php?rest_route=\/wp\/v2\/media\/4153"}],"wp:attachment":[{"href":"https:\/\/motoshopextreme.ba\/index.php?rest_route=%2Fwp%2Fv2%2Fmedia&parent=4152"}],"wp:term":[{"taxonomy":"product_brand","embeddable":true,"href":"https:\/\/motoshopextreme.ba\/index.php?rest_route=%2Fwp%2Fv2%2Fproduct_brand&post=4152"},{"taxonomy":"product_cat","embeddable":true,"href":"https:\/\/motoshopextreme.ba\/index.php?rest_route=%2Fwp%2Fv2%2Fproduct_cat&post=4152"},{"taxonomy":"product_tag","embeddable":true,"href":"https:\/\/motoshopextreme.ba\/index.php?rest_route=%2Fwp%2Fv2%2Fproduct_tag&post=4152"}],"curies":[{"name":"wp","href":"https:\/\/api.w.org\/{rel}","templated":true}]}}