{"id":4164,"date":"2025-01-10T21:26:40","date_gmt":"2025-01-10T21:26:40","guid":{"rendered":"https:\/\/motoshopextreme.ba\/?post_type=product&#038;p=4164"},"modified":"2025-01-10T21:27:02","modified_gmt":"2025-01-10T21:27:02","slug":"lanac-uljne-pumpe-za-cfmoto-cf-moto-linhai-500-600","status":"publish","type":"product","link":"https:\/\/motoshopextreme.ba\/?product=lanac-uljne-pumpe-za-cfmoto-cf-moto-linhai-500-600","title":{"rendered":"Lanac uljne pumpe za CFMOTO CF MOTO LINHAI 500\/600"},"content":{"rendered":"","protected":false},"excerpt":{"rendered":"<p>Lanac uljne pumpe osigurava pravilan prijenos snage na uljnu pumpu, omogu\u0107avaju\u0107i optimalno podmazivanje motora i produ\u017eavaju\u0107i njegov vijek trajanja.<\/p>\n<ul>\n<li><strong>Kompatibilnost<\/strong>: Prikladan za modele CFMOTO i LINHAI s motorima od 500 i 600 ccm.<\/li>\n<li><strong>Kvalitetni materijali<\/strong>: Izra\u0111en od izdr\u017eljivog \u010delika otpornog na habanje i visoke temperature.<\/li>\n<li><strong>Precizna funkcionalnost<\/strong>: Osigurava stabilan i pouzdan rad uljne pumpe.<\/li>\n<\/ul>\n","protected":false},"featured_media":4165,"template":"","meta":[],"product_brand":[],"product_cat":[206,208],"product_tag":[],"class_list":{"0":"post-4164","1":"product","2":"type-product","3":"status-publish","4":"has-post-thumbnail","6":"product_cat-masina-cfmoto","7":"product_cat-masina-linhai","9":"first","10":"onbackorder","11":"taxable","12":"shipping-taxable","13":"purchasable","14":"product-type-simple"},"_links":{"self":[{"href":"https:\/\/motoshopextreme.ba\/index.php?rest_route=\/wp\/v2\/product\/4164","targetHints":{"allow":["GET"]}}],"collection":[{"href":"https:\/\/motoshopextreme.ba\/index.php?rest_route=\/wp\/v2\/product"}],"about":[{"href":"https:\/\/motoshopextreme.ba\/index.php?rest_route=\/wp\/v2\/types\/product"}],"wp:featuredmedia":[{"embeddable":true,"href":"https:\/\/motoshopextreme.ba\/index.php?rest_route=\/wp\/v2\/media\/4165"}],"wp:attachment":[{"href":"https:\/\/motoshopextreme.ba\/index.php?rest_route=%2Fwp%2Fv2%2Fmedia&parent=4164"}],"wp:term":[{"taxonomy":"product_brand","embeddable":true,"href":"https:\/\/motoshopextreme.ba\/index.php?rest_route=%2Fwp%2Fv2%2Fproduct_brand&post=4164"},{"taxonomy":"product_cat","embeddable":true,"href":"https:\/\/motoshopextreme.ba\/index.php?rest_route=%2Fwp%2Fv2%2Fproduct_cat&post=4164"},{"taxonomy":"product_tag","embeddable":true,"href":"https:\/\/motoshopextreme.ba\/index.php?rest_route=%2Fwp%2Fv2%2Fproduct_tag&post=4164"}],"curies":[{"name":"wp","href":"https:\/\/api.w.org\/{rel}","templated":true}]}}