{"id":4177,"date":"2025-01-10T21:35:22","date_gmt":"2025-01-10T21:35:22","guid":{"rendered":"https:\/\/motoshopextreme.ba\/?post_type=product&#038;p=4177"},"modified":"2025-01-10T21:35:42","modified_gmt":"2025-01-10T21:35:42","slug":"kvacilo-startera-cfmoto-400-550-500-800","status":"publish","type":"product","link":"https:\/\/motoshopextreme.ba\/?product=kvacilo-startera-cfmoto-400-550-500-800","title":{"rendered":"Kva\u010dilo startera CFMOTO 400 550 500 800"},"content":{"rendered":"","protected":false},"excerpt":{"rendered":"<p>Kva\u010dilo startera je klju\u010dna komponenta sistema za pokretanje motora, omogu\u0107avaju\u0107i efikasan prijenos snage sa startera na motor.<\/p>\n<ul>\n<li><strong>Kompatibilnost<\/strong>: Prikladno za CFMOTO modele s motorima od 400, 500, 550 i 800 ccm.<\/li>\n<li><strong>Visokokvalitetni materijali<\/strong>: Izra\u0111eno od trajnih i pouzdanih materijala otpornih na habanje i visoke temperature.<\/li>\n<li><strong>Precizna funkcionalnost<\/strong>: Osigurava glatko i pouzdano pokretanje motora.<\/li>\n<\/ul>\n","protected":false},"featured_media":4178,"template":"","meta":[],"product_brand":[],"product_cat":[206],"product_tag":[],"class_list":{"0":"post-4177","1":"product","2":"type-product","3":"status-publish","4":"has-post-thumbnail","6":"product_cat-masina-cfmoto","8":"first","9":"onbackorder","10":"taxable","11":"shipping-taxable","12":"purchasable","13":"product-type-simple"},"_links":{"self":[{"href":"https:\/\/motoshopextreme.ba\/index.php?rest_route=\/wp\/v2\/product\/4177","targetHints":{"allow":["GET"]}}],"collection":[{"href":"https:\/\/motoshopextreme.ba\/index.php?rest_route=\/wp\/v2\/product"}],"about":[{"href":"https:\/\/motoshopextreme.ba\/index.php?rest_route=\/wp\/v2\/types\/product"}],"wp:featuredmedia":[{"embeddable":true,"href":"https:\/\/motoshopextreme.ba\/index.php?rest_route=\/wp\/v2\/media\/4178"}],"wp:attachment":[{"href":"https:\/\/motoshopextreme.ba\/index.php?rest_route=%2Fwp%2Fv2%2Fmedia&parent=4177"}],"wp:term":[{"taxonomy":"product_brand","embeddable":true,"href":"https:\/\/motoshopextreme.ba\/index.php?rest_route=%2Fwp%2Fv2%2Fproduct_brand&post=4177"},{"taxonomy":"product_cat","embeddable":true,"href":"https:\/\/motoshopextreme.ba\/index.php?rest_route=%2Fwp%2Fv2%2Fproduct_cat&post=4177"},{"taxonomy":"product_tag","embeddable":true,"href":"https:\/\/motoshopextreme.ba\/index.php?rest_route=%2Fwp%2Fv2%2Fproduct_tag&post=4177"}],"curies":[{"name":"wp","href":"https:\/\/api.w.org\/{rel}","templated":true}]}}