{"id":4182,"date":"2025-01-10T21:36:53","date_gmt":"2025-01-10T21:36:53","guid":{"rendered":"https:\/\/motoshopextreme.ba\/?post_type=product&#038;p=4182"},"modified":"2025-01-10T21:37:21","modified_gmt":"2025-01-10T21:37:21","slug":"semering-vodene-pumpe-cfmoto-cf-moto","status":"publish","type":"product","link":"https:\/\/motoshopextreme.ba\/?product=semering-vodene-pumpe-cfmoto-cf-moto","title":{"rendered":"Semering vodene pumpe CFMOTO CF MOTO"},"content":{"rendered":"","protected":false},"excerpt":{"rendered":"<p>Semering vodene pumpe osigurava pouzdano brtvljenje i sprje\u010dava curenje rashladne teku\u0107ine iz sistema hla\u0111enja, produ\u017eavaju\u0107i vijek trajanja vodene pumpe.<\/p>\n<ul>\n<li><strong>Kompatibilnost<\/strong>: Prikladan za razli\u010dite modele CFMOTO vozila.<\/li>\n<li><strong>Kvalitetni materijali<\/strong>: Izra\u0111en od otpornog i izdr\u017eljivog materijala za rad u uvjetima visokih temperatura i pritisaka.<\/li>\n<li><strong>Efikasno brtvljenje<\/strong>: Dizajniran da sprije\u010di curenje teku\u0107ine i odr\u017ei optimalne performanse sistema hla\u0111enja.<\/li>\n<\/ul>\n","protected":false},"featured_media":4183,"template":"","meta":[],"product_brand":[],"product_cat":[206],"product_tag":[],"class_list":{"0":"post-4182","1":"product","2":"type-product","3":"status-publish","4":"has-post-thumbnail","6":"product_cat-masina-cfmoto","8":"first","9":"onbackorder","10":"taxable","11":"shipping-taxable","12":"purchasable","13":"product-type-simple"},"_links":{"self":[{"href":"https:\/\/motoshopextreme.ba\/index.php?rest_route=\/wp\/v2\/product\/4182","targetHints":{"allow":["GET"]}}],"collection":[{"href":"https:\/\/motoshopextreme.ba\/index.php?rest_route=\/wp\/v2\/product"}],"about":[{"href":"https:\/\/motoshopextreme.ba\/index.php?rest_route=\/wp\/v2\/types\/product"}],"wp:featuredmedia":[{"embeddable":true,"href":"https:\/\/motoshopextreme.ba\/index.php?rest_route=\/wp\/v2\/media\/4183"}],"wp:attachment":[{"href":"https:\/\/motoshopextreme.ba\/index.php?rest_route=%2Fwp%2Fv2%2Fmedia&parent=4182"}],"wp:term":[{"taxonomy":"product_brand","embeddable":true,"href":"https:\/\/motoshopextreme.ba\/index.php?rest_route=%2Fwp%2Fv2%2Fproduct_brand&post=4182"},{"taxonomy":"product_cat","embeddable":true,"href":"https:\/\/motoshopextreme.ba\/index.php?rest_route=%2Fwp%2Fv2%2Fproduct_cat&post=4182"},{"taxonomy":"product_tag","embeddable":true,"href":"https:\/\/motoshopextreme.ba\/index.php?rest_route=%2Fwp%2Fv2%2Fproduct_tag&post=4182"}],"curies":[{"name":"wp","href":"https:\/\/api.w.org\/{rel}","templated":true}]}}