{"id":4229,"date":"2025-01-12T10:16:24","date_gmt":"2025-01-12T10:16:24","guid":{"rendered":"https:\/\/motoshopextreme.ba\/?post_type=product&#038;p=4229"},"modified":"2025-01-12T10:21:55","modified_gmt":"2025-01-12T10:21:55","slug":"prox-lezajevi-viljuske-za-ktm-125-200-250-300-400","status":"publish","type":"product","link":"https:\/\/motoshopextreme.ba\/?product=prox-lezajevi-viljuske-za-ktm-125-200-250-300-400","title":{"rendered":"ProX le\u017eajevi vilju\u0161ke za KTM 125\/200\/250\/300\/400"},"content":{"rendered":"","protected":false},"excerpt":{"rendered":"<p>Ovaj ProX set le\u017eajeva vilju\u0161ke dizajniran je za precizno kretanje i dugotrajnu izdr\u017eljivost. Kompatibilan je s KTM modelima:<\/p>\n<ul>\n<li><strong>125\/200\/250\/300\/400<\/strong><\/li>\n<\/ul>\n<p>Izra\u0111en od visokokvalitetnih materijala, ovaj set osigurava optimalne performanse i pouzdano rukovanje u svim uvjetima vo\u017enje. Idealno za enduro i motokros motocikle.<\/p>\n","protected":false},"featured_media":4230,"template":"","meta":[],"product_brand":[],"product_cat":[178],"product_tag":[],"class_list":{"0":"post-4229","1":"product","2":"type-product","3":"status-publish","4":"has-post-thumbnail","6":"product_cat-sasija","8":"first","9":"onbackorder","10":"taxable","11":"shipping-taxable","12":"purchasable","13":"product-type-simple"},"_links":{"self":[{"href":"https:\/\/motoshopextreme.ba\/index.php?rest_route=\/wp\/v2\/product\/4229","targetHints":{"allow":["GET"]}}],"collection":[{"href":"https:\/\/motoshopextreme.ba\/index.php?rest_route=\/wp\/v2\/product"}],"about":[{"href":"https:\/\/motoshopextreme.ba\/index.php?rest_route=\/wp\/v2\/types\/product"}],"wp:featuredmedia":[{"embeddable":true,"href":"https:\/\/motoshopextreme.ba\/index.php?rest_route=\/wp\/v2\/media\/4230"}],"wp:attachment":[{"href":"https:\/\/motoshopextreme.ba\/index.php?rest_route=%2Fwp%2Fv2%2Fmedia&parent=4229"}],"wp:term":[{"taxonomy":"product_brand","embeddable":true,"href":"https:\/\/motoshopextreme.ba\/index.php?rest_route=%2Fwp%2Fv2%2Fproduct_brand&post=4229"},{"taxonomy":"product_cat","embeddable":true,"href":"https:\/\/motoshopextreme.ba\/index.php?rest_route=%2Fwp%2Fv2%2Fproduct_cat&post=4229"},{"taxonomy":"product_tag","embeddable":true,"href":"https:\/\/motoshopextreme.ba\/index.php?rest_route=%2Fwp%2Fv2%2Fproduct_tag&post=4229"}],"curies":[{"name":"wp","href":"https:\/\/api.w.org\/{rel}","templated":true}]}}