{"id":4257,"date":"2025-01-23T18:37:08","date_gmt":"2025-01-23T18:37:08","guid":{"rendered":"https:\/\/motoshopextreme.ba\/?post_type=product&#038;p=4257"},"modified":"2025-01-23T18:40:40","modified_gmt":"2025-01-23T18:40:40","slug":"set-brava-za-cfmoto-cforce-450l-520l-550-600-625","status":"publish","type":"product","link":"https:\/\/motoshopextreme.ba\/?product=set-brava-za-cfmoto-cforce-450l-520l-550-600-625","title":{"rendered":"Set brava za CFMOTO CFORCE 450L\/520L\/550\/600\/625"},"content":{"rendered":"","protected":false},"excerpt":{"rendered":"<p>Ovaj originalni set brava (OEM broj dijela: 9DSV-011000-7200) dizajniran je za modele CFMOTO CFORCE 450L, 520L, 550, 600 i 625. Set uklju\u010duje brave za paljenje i, u nekim slu\u010dajevima, brave za mjenja\u010d, osiguravaju\u0107i sigurnost va\u0161eg vozila. Izra\u0111en je od visokokvalitetnih materijala, pru\u017eaju\u0107i dugotrajnost i pouzdanost. Preporu\u010duje se provjera kompatibilnosti s va\u0161im specifi\u010dnim modelom prije kupovine.<\/p>\n","protected":false},"featured_media":4258,"template":"","meta":[],"product_brand":[],"product_cat":[212],"product_tag":[],"class_list":{"0":"post-4257","1":"product","2":"type-product","3":"status-publish","4":"has-post-thumbnail","6":"product_cat-sasija-cfmoto","8":"first","9":"onbackorder","10":"taxable","11":"shipping-taxable","12":"purchasable","13":"product-type-simple"},"_links":{"self":[{"href":"https:\/\/motoshopextreme.ba\/index.php?rest_route=\/wp\/v2\/product\/4257","targetHints":{"allow":["GET"]}}],"collection":[{"href":"https:\/\/motoshopextreme.ba\/index.php?rest_route=\/wp\/v2\/product"}],"about":[{"href":"https:\/\/motoshopextreme.ba\/index.php?rest_route=\/wp\/v2\/types\/product"}],"wp:featuredmedia":[{"embeddable":true,"href":"https:\/\/motoshopextreme.ba\/index.php?rest_route=\/wp\/v2\/media\/4258"}],"wp:attachment":[{"href":"https:\/\/motoshopextreme.ba\/index.php?rest_route=%2Fwp%2Fv2%2Fmedia&parent=4257"}],"wp:term":[{"taxonomy":"product_brand","embeddable":true,"href":"https:\/\/motoshopextreme.ba\/index.php?rest_route=%2Fwp%2Fv2%2Fproduct_brand&post=4257"},{"taxonomy":"product_cat","embeddable":true,"href":"https:\/\/motoshopextreme.ba\/index.php?rest_route=%2Fwp%2Fv2%2Fproduct_cat&post=4257"},{"taxonomy":"product_tag","embeddable":true,"href":"https:\/\/motoshopextreme.ba\/index.php?rest_route=%2Fwp%2Fv2%2Fproduct_tag&post=4257"}],"curies":[{"name":"wp","href":"https:\/\/api.w.org\/{rel}","templated":true}]}}