{"id":4274,"date":"2025-01-23T19:05:42","date_gmt":"2025-01-23T19:05:42","guid":{"rendered":"https:\/\/motoshopextreme.ba\/?post_type=product&#038;p=4274"},"modified":"2025-01-23T19:06:42","modified_gmt":"2025-01-23T19:06:42","slug":"prednja-maska-za-cfmoto-cf-moto-450l-520l","status":"publish","type":"product","link":"https:\/\/motoshopextreme.ba\/?product=prednja-maska-za-cfmoto-cf-moto-450l-520l","title":{"rendered":"Prednja maska za CFMOTO CF MOTO 450L\/520L"},"content":{"rendered":"","protected":false},"excerpt":{"rendered":"<p>Originalna prednja maska (\u0161ifra proizvoda: 9DQV-041011-3000) dizajnirana je za CFMOTO CF MOTO modele 450L i 520L. Ova komponenta pobolj\u0161ava estetiku vozila i \u0161titi prednji dio od vanjskih utjecaja, osiguravaju\u0107i dugotrajnost i pouzdanost tokom vo\u017enje.<\/p>\n<p><strong>\u0160ifra proizvoda:<\/strong> 9DQV-041011-3000<\/p>\n<p><strong>Karakteristike:<\/strong><\/p>\n<ul>\n<li>Pobolj\u0161ava estetiku i aerodinamiku vozila.<\/li>\n<li>\u0160titi prednji dio od vanjskih utjecaja.<\/li>\n<li>Izra\u0111ena od visokokvalitetnih materijala za dugotrajnost.<\/li>\n<\/ul>\n","protected":false},"featured_media":4275,"template":"","meta":[],"product_brand":[],"product_cat":[212],"product_tag":[],"class_list":{"0":"post-4274","1":"product","2":"type-product","3":"status-publish","4":"has-post-thumbnail","6":"product_cat-sasija-cfmoto","8":"first","9":"onbackorder","10":"taxable","11":"shipping-taxable","12":"purchasable","13":"product-type-simple"},"_links":{"self":[{"href":"https:\/\/motoshopextreme.ba\/index.php?rest_route=\/wp\/v2\/product\/4274","targetHints":{"allow":["GET"]}}],"collection":[{"href":"https:\/\/motoshopextreme.ba\/index.php?rest_route=\/wp\/v2\/product"}],"about":[{"href":"https:\/\/motoshopextreme.ba\/index.php?rest_route=\/wp\/v2\/types\/product"}],"wp:featuredmedia":[{"embeddable":true,"href":"https:\/\/motoshopextreme.ba\/index.php?rest_route=\/wp\/v2\/media\/4275"}],"wp:attachment":[{"href":"https:\/\/motoshopextreme.ba\/index.php?rest_route=%2Fwp%2Fv2%2Fmedia&parent=4274"}],"wp:term":[{"taxonomy":"product_brand","embeddable":true,"href":"https:\/\/motoshopextreme.ba\/index.php?rest_route=%2Fwp%2Fv2%2Fproduct_brand&post=4274"},{"taxonomy":"product_cat","embeddable":true,"href":"https:\/\/motoshopextreme.ba\/index.php?rest_route=%2Fwp%2Fv2%2Fproduct_cat&post=4274"},{"taxonomy":"product_tag","embeddable":true,"href":"https:\/\/motoshopextreme.ba\/index.php?rest_route=%2Fwp%2Fv2%2Fproduct_tag&post=4274"}],"curies":[{"name":"wp","href":"https:\/\/api.w.org\/{rel}","templated":true}]}}