{"id":4343,"date":"2025-01-23T21:17:09","date_gmt":"2025-01-23T21:17:09","guid":{"rendered":"https:\/\/motoshopextreme.ba\/?post_type=product&#038;p=4343"},"modified":"2025-01-23T21:18:10","modified_gmt":"2025-01-23T21:18:10","slug":"set-stitnika-za-ruke-za-cfmoto-cf-moto-cforce-modele","status":"publish","type":"product","link":"https:\/\/motoshopextreme.ba\/?product=set-stitnika-za-ruke-za-cfmoto-cf-moto-cforce-modele","title":{"rendered":"Set \u0161titnika za ruke za CFMOTO CF MOTO CFORCE modele"},"content":{"rendered":"","protected":false},"excerpt":{"rendered":"<p>Originalni set \u0161titnika za ruke (\u0161ifra proizvoda: 9AW#-804700-2000) dizajniran je za sve CFMOTO CFORCE ATV modele. Ovi \u0161titnici pru\u017eaju za\u0161titu ruku voza\u010da od vjetra, grana i drugih prepreka tokom vo\u017enje.<\/p>\n<p><strong>\u0160ifra proizvoda:<\/strong> 9AW#-804700-2000<\/p>\n<p><strong>Karakteristike:<\/strong><\/p>\n<ul>\n<li>Pru\u017ea za\u0161titu ruku voza\u010da od elemenata i prepreka.<\/li>\n<li>Izra\u0111eni od tvrdog plasti\u010dnog pokrova s plasti\u010dnim nosa\u010dem za dugotrajnost.<\/li>\n<li>Crne boje, s mogu\u0107no\u0161\u0107u zamjene dekorativnih akcenata u drugim bojama (prodaju se zasebno).<\/li>\n<li>Kompatibilni sa svim CFORCE ATV modelima s CFMOTO 7\/8&#8243; upravlja\u010dem.<\/li>\n<\/ul>\n","protected":false},"featured_media":4344,"template":"","meta":[],"product_brand":[],"product_cat":[212],"product_tag":[],"class_list":{"0":"post-4343","1":"product","2":"type-product","3":"status-publish","4":"has-post-thumbnail","6":"product_cat-sasija-cfmoto","8":"first","9":"onbackorder","10":"taxable","11":"shipping-taxable","12":"purchasable","13":"product-type-simple"},"_links":{"self":[{"href":"https:\/\/motoshopextreme.ba\/index.php?rest_route=\/wp\/v2\/product\/4343","targetHints":{"allow":["GET"]}}],"collection":[{"href":"https:\/\/motoshopextreme.ba\/index.php?rest_route=\/wp\/v2\/product"}],"about":[{"href":"https:\/\/motoshopextreme.ba\/index.php?rest_route=\/wp\/v2\/types\/product"}],"wp:featuredmedia":[{"embeddable":true,"href":"https:\/\/motoshopextreme.ba\/index.php?rest_route=\/wp\/v2\/media\/4344"}],"wp:attachment":[{"href":"https:\/\/motoshopextreme.ba\/index.php?rest_route=%2Fwp%2Fv2%2Fmedia&parent=4343"}],"wp:term":[{"taxonomy":"product_brand","embeddable":true,"href":"https:\/\/motoshopextreme.ba\/index.php?rest_route=%2Fwp%2Fv2%2Fproduct_brand&post=4343"},{"taxonomy":"product_cat","embeddable":true,"href":"https:\/\/motoshopextreme.ba\/index.php?rest_route=%2Fwp%2Fv2%2Fproduct_cat&post=4343"},{"taxonomy":"product_tag","embeddable":true,"href":"https:\/\/motoshopextreme.ba\/index.php?rest_route=%2Fwp%2Fv2%2Fproduct_tag&post=4343"}],"curies":[{"name":"wp","href":"https:\/\/api.w.org\/{rel}","templated":true}]}}