{"id":4411,"date":"2025-01-25T19:08:50","date_gmt":"2025-01-25T19:08:50","guid":{"rendered":"https:\/\/motoshopextreme.ba\/?post_type=product&#038;p=4411"},"modified":"2025-01-25T19:10:23","modified_gmt":"2025-01-25T19:10:23","slug":"dihtung-poklopca-vodene-pumpe-za-cfmoto-cf-moto-800-1000","status":"publish","type":"product","link":"https:\/\/motoshopextreme.ba\/?product=dihtung-poklopca-vodene-pumpe-za-cfmoto-cf-moto-800-1000","title":{"rendered":"Dihtung poklopca vodene pumpe za CFMOTO CF MOTO 800\/1000"},"content":{"rendered":"","protected":false},"excerpt":{"rendered":"<p><strong>\u0160ifra proizvoda:<\/strong> 0JWA-080004<\/p>\n<p><strong>Karakteristike:<\/strong><\/p>\n<ul>\n<li>Osigurava u\u010dinkovito brtvljenje izme\u0111u poklopca i ku\u0107i\u0161ta vodene pumpe.<\/li>\n<li>Izra\u0111ena od visokokvalitetnih materijala za dugotrajnost i otpornost na visoke temperature.<\/li>\n<li>Precizno pristajanje na kompatibilne modele, olak\u0161avaju\u0107i instalaciju.<\/li>\n<\/ul>\n","protected":false},"featured_media":4412,"template":"","meta":[],"product_brand":[],"product_cat":[212],"product_tag":[],"class_list":{"0":"post-4411","1":"product","2":"type-product","3":"status-publish","4":"has-post-thumbnail","6":"product_cat-sasija-cfmoto","8":"first","9":"onbackorder","10":"taxable","11":"shipping-taxable","12":"purchasable","13":"product-type-simple"},"_links":{"self":[{"href":"https:\/\/motoshopextreme.ba\/index.php?rest_route=\/wp\/v2\/product\/4411","targetHints":{"allow":["GET"]}}],"collection":[{"href":"https:\/\/motoshopextreme.ba\/index.php?rest_route=\/wp\/v2\/product"}],"about":[{"href":"https:\/\/motoshopextreme.ba\/index.php?rest_route=\/wp\/v2\/types\/product"}],"wp:featuredmedia":[{"embeddable":true,"href":"https:\/\/motoshopextreme.ba\/index.php?rest_route=\/wp\/v2\/media\/4412"}],"wp:attachment":[{"href":"https:\/\/motoshopextreme.ba\/index.php?rest_route=%2Fwp%2Fv2%2Fmedia&parent=4411"}],"wp:term":[{"taxonomy":"product_brand","embeddable":true,"href":"https:\/\/motoshopextreme.ba\/index.php?rest_route=%2Fwp%2Fv2%2Fproduct_brand&post=4411"},{"taxonomy":"product_cat","embeddable":true,"href":"https:\/\/motoshopextreme.ba\/index.php?rest_route=%2Fwp%2Fv2%2Fproduct_cat&post=4411"},{"taxonomy":"product_tag","embeddable":true,"href":"https:\/\/motoshopextreme.ba\/index.php?rest_route=%2Fwp%2Fv2%2Fproduct_tag&post=4411"}],"curies":[{"name":"wp","href":"https:\/\/api.w.org\/{rel}","templated":true}]}}